sor of y and 152?
19
Let z = 11399 - 11375. Suppose 4*g = 8*g. Suppose 2*v + v - 9 = g. What is the highest common factor of z and v?
3
Let d = 8474 - 8452. Suppose 0 = -4*v + 18 + 2. Let x = 171 + v. What is the highest common factor of d and x?
22
Suppose 4*q - 694 = 5*h, -4*q - 3*h - 874 = -9*q. Suppose 5*j = 3*v - 28, -5*v - 2*j = -6*j - 64. Calculate the highest common divisor of v and q.
16
Let p(i) = i**3 + 63*i**2 + 525*i - 69. Let y be p(-37). Calculate the highest common divisor of y and 175.
175
Let x(h) = -34*h - 28. Let c(g) = 33*g + 27. Let i(w) = -4*c(w) - 3*x(w). Let r be i(-3). Calculate the highest common factor of r and 165.
33
Let n be (5 + -6)*-1*3. Suppose -n*m = -34 - 14. Suppose -2 = 2*p - 2*o - 12, 5*p - 3*o = 31. Calculate the highest common divisor of p and m.
8
Suppose 5*t - 3*c - 95 = 2*c, t + c = 29. Suppose -7771 = -144*u + 1445. What is the greatest common divisor of u and t?
8
Suppose -c + 3 = m + 2*c, -9 = -2*m - 3*c. Suppose -r + 0*r = -m. Let s be 7/2 + -2 + r/4. Calculate the highest common factor of s and 27.
3
Suppose r - i - 8 = 0, 4*i = -r - 0*i - 17. Suppose 0 = 8*g - r*g - 1155. Let p = 38 - 5. Calculate the greatest common factor of p and g.
33
Let v = 31058 - 28786. What is the greatest common divisor of v and 160?
32
Let n(q) = q**3 - 9*q**2 - 10*q. Let a be n(10). Let v(k) = -k**2 + 7*k + 6. Let w be v(a). Calculate the greatest common factor of 69 and w.
3
Suppose 5*x - 17 = 163. Let k be (-48348)/(-252) + (-1)/(-7). Calculate the greatest common divisor of x and k.
12
Suppose 1568*t = 783*t + 788*t - 8445. What is the greatest common factor of 5 and t?
5
Suppose -17*t = -2472 - 979. What is the greatest common divisor of t and 546?
7
Suppose 0 = 3*g - 4*s - 579, 2*g - 177 = g - 4*s. Let p = g + -185. What is the highest common factor of 32 and p?
4
Let m(d) = 137*d + 3294. Let g be m(-24). What is the highest common divisor of 3954 and g?
6
Let b be (-2)/(4/(-142)) + 18 + -21. Suppose 4*k - b = 2*t, 4*k + 4*t = t + 58. What is the greatest common divisor of 4 and k?
4
Let b(o) = 12*o**3 + 3*o**2 + 12*o + 3. Let u be b(-5). Let s be (u/95)/((-3)/70). Calculate the greatest common factor of s and 28.
28
Let o = 32 + -16. Suppose -3*l - 5*s + 15 = -2*s, -o = 4*s. Suppose -4*q = -f - 143, -6*f = -7*f + 1. What is the greatest common divisor of l and q?
9
Let g = -21870 - -24982. Calculate the greatest common divisor of g and 4.
4
Suppose -d + 4*d = -2*n - 1, 0 = 3*d + 5*n + 16. Suppose -3*l - d*w + 881 + 226 = 0, -5*l + 3*w + 1869 = 0. Calculate the highest common factor of 12 and l.
12
Let i be 8 - 5 - (-243 - 6). Calculate the highest common factor of i and 3.
3
Suppose 2*a + 18*a + 20*a - 3920 = 0. Let u = 56 + -28. What is the greatest common divisor of u and a?
14
Let i be (-1009)/(-4) + (-3 - 8) + 258/24. Let y(m) = 3*m**3 + m + 2. Let h be y(2). What is the greatest common divisor of i and h?
28
Let c = 2989 - 2752. Calculate the highest common divisor of c and 1343.
79
Let o(i) be the second derivative of -i**4/6 - 8*i**3 + 26*i**2 - 40*i + 2. Let k be o(-24). Calculate the greatest common divisor of k and 4.
4
Let o(m) = -102*m + 7522. Let j be o(71). What is the highest common divisor of j and 469?
7
Let h be (-7)/(28/8) - 13/((-117)/1008). Suppose -76 = -2*d - 3*z, -6*d + 5*z + 152 = -3*d. What is the greatest common factor of d and h?
22
Let f = -860 - -1535. Let r(v) = -v**2 - 101*v - 1014. Let j be r(-89). What is the highest common factor of f and j?
27
Let d be (-8 + -11 - -24) + 2785*1. What is the highest common factor of d and 60?
30
Suppose 4*p = -147 + 519. Let k = 125 - p. Calculate the greatest common divisor of k and 32.
32
Let m(y) = -y**2 + 101*y - 1362. Let h be m(77). Calculate the greatest common factor of h and 36.
18
Let x(r) = -186*r**3 + r**2 - 2*r - 2. Let o be x(-1). Let c be (0 + 102/9)/(222/333). What is the highest common factor of o and c?
17
Suppose 6*x - x + 190 = 0. Let q = 56 + x. Let d(f) = 2*f + 46. Let g be d(-14). Calculate the highest common factor of g and q.
18
Let n(q) = q**3 - 9*q + 18. Let m be n(3). Let s be -2 - (-164)/4 - -1. Let z = -22 + s. Calculate the greatest common factor of z and m.
18
Suppose 21*c - 7*c = -686. Let q = -26 - c. Calculate the greatest common factor of 529 and q.
23
Suppose -9*p - 45 = -6*p. Let v be 6/p - 942/(-5). Suppose 0 = 4*k - 0*k - v. Calculate the greatest common divisor of 235 and k.
47
Suppose 0*s - 4*s = 16. Let m be 2 + 3 + s - (-14)/2. What is the highest common divisor of m and 64?
8
Let f be 35/(-5)*(-5 + 0). Suppose 4185 = 242*g + 797. Calculate the highest common divisor of f and g.
7
Let b be ((-40)/(-6))/(1/9). Suppose 58*p = b*p - 4. Let f be 5/(-40) - (-2)/(-32)*-82. What is the highest common divisor of f and p?
1
Suppose 8*f - 3 - 29 = 0. Let z be ((-30)/(-45))/(f/2046). What is the greatest common factor of z and 31?
31
Suppose 36*v - 37*v + 2*k = -1954, -4*v - 4*k + 7864 = 0. What is the greatest common divisor of 18 and v?
18
Let b = 635 + 443. What is the greatest common factor of b and 98?
98
Suppose -12*c - 772 = -33*c - 79. Let i be 3*99*2/2. What is the highest common divisor of i and c?
33
Let k(b) = 2*b. Let i(g) = g + 1. Let o(y) = -3*i(y) + k(y). Let f be (0 - 3)*(-700)/(-300). Let v be o(f). What is the greatest common factor of v and 88?
4
Let d be -3 - 39/(-15) - 22608/(-120). What is the highest common divisor of d and 22748?
188
Let h = 128 + -4. Let a = 6 + h. Suppose 2*d + 130 = 5*y, 3*y + 2*y - 4*d - 130 = 0. What is the greatest common factor of a and y?
26
Let g(b) = -4*b - 9. Let y be g(-6). Suppose 4*w - 2*h = -850, w - 5*h + 176 = -14. Let l = w - -245. What is the greatest common factor of l and y?
15
Let k = 41 + -44. Let v be (-15 + k + 4)/(1 - 2). Calculate the highest common divisor of 28 and v.
14
Let d be 4 - (-3 - -7) - 32. Let n be (d/4)/(2/(-14)). What is the greatest common factor of 140 and n?
28
Let j(b) = -3*b + 91. Let k = -54 - -54. Let a be j(k). Let w = a + -77. What is the greatest common factor of w and 21?
7
Let k(n) = -n**3 + 25*n**2 - 22*n - 35. Let b be k(24). Suppose -b*t + 4073 - 1382 = 0. What is the greatest common divisor of t and 69?
69
Let b be ((-21 + (-1 - -1))/1)/(-1). What is the highest common divisor of 7833 and b?
21
Let a(z) = -z**2 + 3*z - 27. Let m be a(-20). Let b = 599 + m. Let t = -1 - -15. What is the highest common factor of b and t?
14
Let a(v) = v**2 + 9*v - 40. Let z be a(-13). Suppose -z*i + i + 616 = 0. Calculate the greatest common divisor of i and 182.
14
Let q(m) = -2*m**3 + 7*m**2 - 20*m - 138. Let r be q(-6). What is the highest common factor of 1517 and r?
37
Let o(p) = -p**2 - 92*p - 260. Let u be o(-78). What is the highest common factor of 117 and u?
13
Let h = -1 - -8. Let r be h*(-4 - (-2 + -3)). Let l be (-4 + 1)*(95/(-15) + -10). What is the greatest common divisor of l and r?
7
Let l(t) = -t**3 + 11*t**2 + 2*t - 7. Suppose 121 = -99*d + 110*d. Let a be l(d). What is the highest common divisor of 375 and a?
15
Let s be 0/(-2) + 2 + 0. Suppose -q + 4*q + 8 = -2*t, 8 = -s*t. Suppose q = u - 7 + 5. What is the highest common divisor of 2 and u?
2
Let a = 7579 - 7332. What is the highest common factor of a and 104?
13
Let c(m) = -9*m + 891. Let n be c(86). Calculate the highest common divisor of n and 288.
9
Let j(u) = -2*u**3 - 27*u**2 - 16*u - 36. Let d be j(-13). Let z be 15 + (0 - d/3). What is the greatest common divisor of z and 4?
2
Let s = 103 + -110. Let z(v) = v**3 + 6*v**2 - 8*v + 2. Let r be z(s). Let p be 552/(-36)*r/(-6). Calculate the highest common factor of 46 and p.
23
Let a(x) = 200*x**2 + 347*x + 694. Let q be a(-2). Calculate the highest common divisor of 4960 and q.
160
Suppose 1900*y + 4060 = 1922*y + 364. What is the greatest common divisor of 2568 and y?
24
Let k(x) = 1751*x**2 + 30*x - 26. Let o be k(1). Calculate the greatest common divisor of 108 and o.
27
Let u = -17 - -65. Let m(c) = c**3 + 11*c**2 + 6*c - 48. Let w be m(-8). Calculate the highest common factor of u and w.
48
Let w be 3 + (-614)/(-4) + 34/(-68). What is the highest common divisor of 108 and w?
12
Let n be ((-35)/(-10) - 1)*(-8)/(-5). Let w(b) = -b**3 + 5*b**2 - 3*b. Let f be w(n). What is the greatest common divi